housands digit of 325615029?
6
What is the hundreds digit of 154768508?
5
What is the ten millions digit of 114421878?
1
What is the hundred thousands digit of 165532863?
5
What is the ten millions digit of 48521887?
4
What is the billions digit of 1161274965?
1
What is the billions digit of 1851225724?
1
What is the ten thousands digit of 514377125?
7
What is the millions digit of 1954530056?
4
What is the tens digit of 8775144?
4
What is the hundred millions digit of 3187503130?
1
What is the ten thousands digit of 387396?
8
What is the hundred thousands digit of 233225741?
2
What is the hundreds digit of 2750305141?
1
What is the ten thousands digit of 128351157?
5
What is the tens digit of 251023881?
8
What is the thousands digit of 82820407?
0
What is the tens digit of 13081756?
5
What is the hundred millions digit of 538657152?
5
What is the units digit of 374412940?
0
What is the tens digit of 663015343?
4
What is the hundred millions digit of 3008003952?
0
What is the millions digit of 1695117514?
5
What is the hundreds digit of 14718215?
2
What is the thousands digit of 30437315?
7
What is the ten millions digit of 2919237756?
1
What is the hundreds digit of 2549096242?
2
What is the hundreds digit of 388920469?
4
What is the hundred millions digit of 341795643?
3
What is the hundred millions digit of 505748427?
5
What is the ten millions digit of 724822297?
2
What is the ten millions digit of 22439002?
2
What is the ten millions digit of 133710548?
3
What is the billions digit of 3973909942?
3
What is the hundreds digit of 3260277928?
9
What is the tens digit of 116491035?
3
What is the hundred thousands digit of 2463155890?
1
What is the tens digit of 26419299?
9
What is the hundred millions digit of 500773570?
5
What is the thousands digit of 546128861?
8
What is the tens digit of 1967932645?
4
What is the millions digit of 2744592119?
4
What is the hundred thousands digit of 33898068?
8
What is the millions digit of 6514077005?
4
What is the tens digit of 548257698?
9
What is the hundreds digit of 261030786?
7
What is the thousands digit of 54443666?
3
What is the billions digit of 4748916971?
4
What is the millions digit of 104190245?
4
What is the hundred millions digit of 180367709?
1
What is the hundreds digit of 21210424?
4
What is the hundreds digit of 66350465?
4
What is the billions digit of 6933997006?
6
What is the thousands digit of 125983020?
3
What is the tens digit of 54055666?
6
What is the millions digit of 38777974?
8
What is the thousands digit of 149961934?
1
What is the units digit of 284989319?
9
What is the hundred thousands digit of 1369579684?
5
What is the thousands digit of 39148020?
8
What is the hundreds digit of 31324817?
8
What is the thousands digit of 1315140547?
0
What is the ten thousands digit of 1269370626?
7
What is the millions digit of 33267649?
3
What is the hundreds digit of 223670704?
7
What is the units digit of 65948165?
5
What is the tens digit of 492080054?
5
What is the hundred millions digit of 106428247?
1
What is the ten millions digit of 342767452?
4
What is the hundred thousands digit of 27659576?
6
What is the ten thousands digit of 23662335?
6
What is the units digit of 805099409?
9
What is the hundreds digit of 254766237?
2
What is the thousands digit of 141939869?
9
What is the ten millions digit of 145496565?
4
What is the billions digit of 2261226666?
2
What is the hundreds digit of 379402238?
2
What is the hundred millions digit of 1421917876?
4
What is the tens digit of 23828577?
7
What is the ten millions digit of 8656977291?
5
What is the ten millions digit of 111067445?
1
What is the units digit of 921863696?
6
What is the hundreds digit of 13624220?
2
What is the tens digit of 26631200?
0
What is the millions digit of 3607099164?
7
What is the ten millions digit of 17217423?
1
What is the ten millions digit of 1419555650?
1
What is the millions digit of 49894284?
9
What is the hundred thousands digit of 800476786?
4
What is the tens digit of 119869047?
4
What is the hundreds digit of 97330482?
4
What is the millions digit of 2234340889?
4
What is the tens digit of 104192699?
9
What is the thousands digit of 49969641?
9
What is the hundreds digit of 758906492?
4
What is the ten thousands digit of 1092321559?
2
What is the ten millions digit of 118617774?
1
What is the tens digit of 1629644864?
6
What is the hundreds digit of 152547330?
3
What is the ten thousands digit of 47584794?
8
What is the units digit of 18426010?
0
What is the hundreds digit of 446278682?
6
What is the hundreds digit of 117810929?
9
What is the hundred millions digit of 299213905?
2
What is the hundred millions digit of 7301066925?
3
What is the millions digit of 1148152305?
8
What is the tens digit of 3616275372?
7
What is the ten millions digit of 33147342?
3
What is the millions digit of 35064958?
5
What is the tens digit of 93867054?
5
What is the ten thousands digit of 35634740?
3
What is the tens digit of 81972695?
9
What is the ten thousands digit of 1057628941?
2
What is the ten millions digit of 276002646?
7
What is the billions digit of 1039303530?
1
What is the ten millions digit of 366458374?
6
What is the thousands digit of 219129036?
9
What is the ten thousands digit of 1076061693?
6
What is the hundreds digit of 102116258?
2
What is the units digit of 1388798917?
7
What is the thousands digit of 6718681?
8
What is the hundred thousands digit of 39576179?
5
What is the tens digit of 176068981?
8
What is the millions digit of 67506107?
7
What is the millions digit of 98873936?
8
What is the millions digit of 142897452?
2
What is the hundred thousands digit of 714662609?
6
What is the hundreds digit of 3736729988?
9
What is the hundred millions digit of 957821648?
9
What is the hundred millions digit of 2946951192?
9
What is the hundred millions digit of 582815462?
5
What is the hundred thousands digit of 240573756?
5
What is the millions digit of 512058690?
2
What is the millions digit of 6670526?
6
What is the ten thousands digit of 12165177?
6
What is the millions digit of 430498632?
0
What is the tens digit of 494304468?
6
What is the ten millions digit of 710519431?
1
What is the hundred thousands digit of 194201393?
2
What is the tens digit of 445081832?
3
What is the units digit of 588890006?
6
What is the millions digit of 823186446?
3
What is the millions digit of 58093339?
8
What is the hundred millions digit of 314595670?
3
What is the tens digit of 256811348?
4
What is the tens digit of 66387981?
8
What is the units digit of 53731487?
7
What is the hundreds digit of 4929728?
7
What is the tens digit of 243893255?
5
What is the units digit of 350520728?
8
What is the thousands digit of 898353019?
3
What is the hundred millions digit of 4455085844?
4
What is the thousands digit of 48725399?
5
What is the units digit of 30024098?
8
What is the millions digit of 44858452?
4
What is the ten thousands digit of 311725362?
2
What is the hundreds digit of 3169296043?
0
What is the billions digit of 1067429969?
1
What is the hundreds digit of 6364888392?
3
What is the tens digit of 35146833?
3
What is the thousands digit of 15973825?
3
What is the hundred thousands digit of 1707813638?
8
What is the thousands digit of 1035304893?
4
What is the ten thousands digit of 53150057?
5
What is the hundred millions digit of 125150210?
1
What is the billions digit of 1784565716?
1
What is the units digit of 27578992?
2
What is the millions digit of 54531256?
4
What is the millions digit of 1202556995?
2
What is the ten millions digit of 243371678?
4
What is the ten millions digit of 204172243?
0
What is the ten thousands digit of 1129561598?
6
What is the tens digit of 228950198?
9
What is the hundreds digit of 404158789?
7
What is the ten thousands digit of 9410238?
1
What is the ten millions digit of 313007392?
1
What is the hundreds digit of 8405889988?
9
What is the millions digit of 82239756?
2
What is the ten millions digit of 124521288?
2
What is the units digit of 406342793?
3
What is the hundreds digit of 1833217707?
7
What is the ten thousands digit of 48843464?
4
What is the units digit of 3617696965?
5
What is the tens digit of 486129949?
4
What is the ten millions digit of 